 prime factors of k?
2
Suppose p + 0 = 1, 2*i = 4*p. Suppose -4*q = -4*h - 184, 6*h = 3*q + i*h - 133. Suppose -2*n + q = 7. List the prime factors of n.
2, 11
Suppose 4*d + 2 = -4*i - d, 2*d + 4 = 0. Let h = 6 - i. What are the prime factors of h?
2
Let z be 1*(0 + -2 + 154). Suppose -3*f + 7*f - z = 0. List the prime factors of f.
2, 19
Let n(s) = s**2 + 3. Let c be n(0). Let x = c - 3. List the prime factors of 1 + (x + 10 - -1).
2, 3
List the prime factors of (-3)/(-9)*3 + 2.
3
Let b = 4 - 3. Let g be (26/(-4))/(b/(-2)). Let k = g - 4. List the prime factors of k.
3
Suppose g - 9 = -6. Suppose 0*m = 2*x - 4*m - 24, -g*x - 2*m + 44 = 0. List the prime factors of x.
2, 7
Suppose -2*o + 0*o + 4*r = -108, -5*o - 3*r = -322. List the prime factors of o.
2, 31
Let x(w) = 3*w**2 + 15*w - 15. What are the prime factors of x(-11)?
3, 61
Let s(u) = 26*u - 24. What are the prime factors of s(5)?
2, 53
Let p(f) = -f**2 + 9 - 3*f**2 - 1 + 3*f**2. List the prime factors of p(0).
2
What are the prime factors of 1/((3/(-141))/(-1))?
47
List the prime factors of (-10)/(-35) + (2136/21 - 0).
2, 3, 17
Let g = 207 + -126. Let u be 4/(-10) + g/15. Suppose -5*p - 11 = y, y = u*y + 3*p - 7. What are the prime factors of y?
2
What are the prime factors of (-6)/(-2)*(-2 + 3)?
3
Let x(t) = t**3 - 3*t**2 - 2*t - 5. Let d be x(4). Suppose d*p + p = 20. List the prime factors of p.
5
Suppose 5 = 4*g - 5*d, 5*d - 1 = g + 9. Suppose 0 = -g*o - 5*n + 165, o = 3*o - 4*n - 54. What are the prime factors of o?
31
Suppose u - 4*c = 11, -2*u - u - c - 6 = 0. What are the prime factors of 3 - (-14)/(u + 2)?
17
List the prime factors of (-508)/(-14) - (-4)/(-14).
2, 3
Let c(i) = i**2 + 3*i. Let s be c(-4). Let n be 270/35 - s/(-14). Suppose -9 - n = -m. List the prime factors of m.
17
Let t be (-26)/(-6) - 10/(-15). Suppose 0 = -l - t - 6. Let w = l - -18. What are the prime factors of w?
7
Suppose -d + z = -31, 3*d - d - 67 = -3*z. What are the prime factors of d?
2
Suppose 0 = -5*w + 35 - 5. What are the prime factors of w?
2, 3
Let w = 3 + 2. Suppose -u - 5 = 3*q, -5*q - 3*u - w = 6. What are the prime factors of 38/10 - q/5?
2
Let l be (-20)/5*(-9 - -1). Let f = l + -15. What are the prime factors of f?
17
Let b(v) = -v**2 - 4*v + 4. Let z be b(-5). What are the prime factors of z*2*(-38)/4?
19
Suppose 5*o = o + 4. Let h be 3 - 1/(2 - o). Suppose 4*x + q = 7*x - 11, -h*x = 3*q - 22. List the prime factors of x.
5
Suppose -s - 85 = -6*s. What are the prime factors of s?
17
Let j(t) = 0*t + 1 - 5 + 2 - 5*t. List the prime factors of j(-7).
3, 11
Let z be (-1145)/(-35) + 4/14. Suppose -3*x = -0*x + z. What are the prime factors of -1 - (x - (-4 - -2))?
2
Let n be 4/6 - 57/(-9). Let t = n + -4. What are the prime factors of t?
3
Suppose -144 = -4*a - l - 3*l, 20 = 4*l. List the prime factors of a.
31
Let p be -35 - (-2)/4*4. Let i = 4 - p. What are the prime factors of i?
37
Suppose -2*h - 82 = -4*g - 4*h, -2*h = 2*g - 46. What are the prime factors of g?
2, 3
Let m(z) be the second derivative of -z**4/12 - 4*z**3/3 - 2*z**2 + 2*z. List the prime factors of m(-5).
11
Let y be 5*((-6)/10)/(-1). Suppose -2*o - 3 = -y*o. What are the prime factors of (-6)/(-2)*(o - 0)?
3
Suppose -3*x + 5*w = -112, -5*x + 117 = 4*w - 8. What are the prime factors of x?
29
Let i(r) = 5*r + 2 - 5*r**2 + 2*r**2 - 4*r + r**3 + 2*r. List the prime factors of i(3).
11
Suppose 9 - 29 = -5*b + 2*j, 0 = 5*b - 4*j - 20. Suppose b*x - 26 = -2*f, -3*f + 2*x = 2*f - 101. List the prime factors of f*1*(-1)/(-1).
19
Suppose -4*h + j + 159 = 0, -118 = -3*h - 2*j + 3*j. Suppose -14 - h = -5*w. Suppose -4*x - 4 = -4*z, 4*x - 30 = -5*z + w. List the prime factors of z.
5
Let f(o) = 2*o**2 - 5*o + 4. What are the prime factors of f(-5)?
79
Let p(z) = z**2 + 12*z + 15. Let s be (-35)/3 - (-4)/6. List the prime factors of p(s).
2
Suppose -5*b + 2*f = -235, 120 = 3*b - 0*b + 3*f. What are the prime factors of b?
3, 5
Suppose d = -4*o, -2*o = -0*o - 4*d - 18. Let g = 3 + o. What are the prime factors of g?
2
What are the prime factors of (-1*1)/((-21)/6636)?
2, 79
Let g be 12/(-10)*1000/(-12). Suppose -g = -6*t + 2*t. List the prime factors of t.
5
Let d(q) = -q**3 - 14*q**2 - 23*q + 14. List the prime factors of d(-13).
2, 3
Suppose 0 = l - 5*h - 48, -6*l + 219 = -l - 4*h. Suppose 0 = 3*i - 3*j - 17 - 13, l = 4*i - 5*j. List the prime factors of i.
7
Suppose 5*r - 93 = 2*r. Let t = -8 + r. What are the prime factors of t?
23
Suppose -689 = -3*u - 200. List the prime factors of u.
163
List the prime factors of (5 - (-32)/(-6))/((-2)/1896).
2, 79
Let i(y) = 5*y**2 + 3*y + 3. Let k(n) = 6*n**2 + 4*n + 3. Let x(t) = 5*i(t) - 4*k(t). List the prime factors of x(3).
3
Suppose -11 - 63 = -l. Suppose -5*q - 24 = -l. What are the prime factors of q?
2, 5
Suppose -3*d = -5*d + 6. Suppose -p - d*p + 8 = 0. What are the prime factors of p?
2
Suppose -5*x = -794 - 251. What are the prime factors of x?
11, 19
Suppose 0*w - 4*w = 72. Let o = w - -34. List the prime factors of o.
2
Suppose 0 = -z + 2*f + 27 + 2, 0 = 4*z - 3*f - 136. List the prime factors of z.
37
Let f = -53 + 140. What are the prime factors of f?
3, 29
Suppose i - 9 = -2*i, -3*c - 3*i = -84. Suppose -5*z - t = -31, 2*t - 3*t = -3*z + c. List the prime factors of (-1)/(-7) + 27/z.
2
Let x be -1 + 0 - (6 - 2). Let f = x + 10. What are the prime factors of f?
5
Suppose -b + 3*d = -2*b + 17, 2*b - 30 = -5*d. What are the prime factors of b?
5
Let s be 6/21 - 612/(-14). Let o = s + -24. Suppose h - o = -h. What are the prime factors of h?
2, 5
Let x(j) = j + 2. Let i be x(7). Let w = i + -1. Let k = w - 4. What are the prime factors of k?
2
Let i = -14 + 6. Let z = 13 + i. Suppose 0 = a - 0 - z. List the prime factors of a.
5
Suppose p - 2*h - 111 = 0, 5*p + 4*h + 13 - 582 = 0. What are the prime factors of p?
113
Let g = -1 + 4. Suppose -m = t - 12, 2*t + g = m - 12. List the prime factors of m.
13
Let u = 1 + 5. Let y = u - 2. What are the prime factors of y/((-4)/(-3)) - 1?
2
Suppose -3*u - u = -200. Suppose -2*l + 2*d = -0*l - u, 0 = 4*l + 5*d - 55. List the prime factors of l.
2, 5
Let g(c) = -6*c + 6. List the prime factors of g(-3).
2, 3
Suppose w = 2 + 2. Suppose j = -5*f + 15, 85 = w*j + f + 25. List the prime factors of j.
3, 5
Let u = 8 - 10. Let h be (1/2)/(u/(-24)). Suppose h*x - 2*x - 60 = 0. What are the prime factors of x?
3, 5
Suppose 4*p - p + 17 = -2*n, -2*n + 18 = -4*p. Suppose -5*c - 160 = 20. What are the prime factors of -1 + n*c/3?
11
Let n be (-4 - 22)/(0 + 2). Let v = -25 - n. Let w = v - -19. What are the prime factors of w?
7
Suppose 3*m - 2*m = 0. Let c be 4/(-2)*3/(-2). Suppose m = 4*p + 5*s - 27, 2 = -c*p + 2*s + 5. What are the prime factors of p?
3
Let w(q) = q**3 + 12*q**2 + 16*q + 5. List the prime factors of w(-10).
3, 5
Let p(b) = -2*b - 1. Let a be p(-3). Suppose -3*v = a*u - 12 - 17, -15 = -5*v. Suppose 3*g - 5*t - 7 = -3*t, -u*t = -5*g + 9. List the prime factors of g.
5
Let v = 266 + -115. List the prime factors of v.
151
Let q be 4 + (0 - (-3)/3). Let o = q - 5. Suppose o = -4*a - 0*a + 32. What are the prime factors of a?
2
Let b(r) = r - 8. Let i be b(0). What are the prime factors of i*(-2 - (-3)/4)?
2, 5
Let j(h) = -h. Suppose -6*v = -2*v - 8. Let z be (v + -1)*-5*1. What are the prime factors of j(z)?
5
Let o(t) = t**3 + 4*t**2 - 6*t. Let k be o(-5). Suppose 2*b + 16 = 4*b + 2*q, -k*q - 40 = -5*b. Suppose b = m - 1. What are the prime factors of m?
3
Let d = 54 + -93. Let t(i) = -i**2 - 5*i - 4. Let j be t(-3). List the prime factors of d*j/(6*-1).
13
What are the prime factors of (133/(-3))/(-7)*3?
19
Let r = 147 + -85. List the prime factors of r.
2, 31
Let h(j) = j**3 - 2*j**2 - j + 2. Let r = 6 - 3. Let c be h(r). Let x = c + -3. What are the prime factors of x?
5
Let j = -259 + 410. Suppose -2*t + 5*p + 95 = 0, 0 = 2*t - 6*t - 3*p + j. What are the prime factors of t?
2, 5
Let z(j) = 40*j + 2. List the prime factors of z(2).
2, 41
Suppose -6 = -h - 0*h - a, a = 4*h - 14. Suppose -2*i = -h*k - 24, 2*k + 21 = i + 3*k. What are the prime factors of i?
2, 3
Suppose -r - r - 10 = -2*q, 0 = -5*r - 3*q + 15. Suppose 2*c + 14 + 2 = r. What are the prime factors of (-22)/(-3) - c/12?
2
Let k be (-128)/(-22) - (-8)/44. Suppose